{"id":429,"date":"2024-12-03T16:48:22","date_gmt":"2024-12-03T15:48:22","guid":{"rendered":"https:\/\/www.fcl-portastampi.it\/?page_id=429"},"modified":"2025-01-02T15:50:52","modified_gmt":"2025-01-02T14:50:52","slug":"home-tedesca","status":"publish","type":"page","link":"https:\/\/www.fcl-portastampi.it\/index.php\/de\/home-tedesca\/","title":{"rendered":"Home Tedesca"},"content":{"rendered":"\t\t<div data-elementor-type=\"wp-page\" data-elementor-id=\"429\" class=\"elementor elementor-429\">\n\t\t\t\t<div class=\"elementor-element elementor-element-ef12f89 e-flex e-con-boxed e-con e-parent\" data-id=\"ef12f89\" data-element_type=\"container\" data-settings=\"{&quot;background_background&quot;:&quot;gradient&quot;}\">\n\t\t\t\t\t<div class=\"e-con-inner\">\n\t\t\t\t<div class=\"elementor-element elementor-element-ebbe36a elementor-widget__width-initial elementor-widget elementor-widget-heading\" data-id=\"ebbe36a\" data-element_type=\"widget\" data-widget_type=\"heading.default\">\n\t\t\t\t<div class=\"elementor-widget-container\">\n\t\t\t\t\t<h2 class=\"elementor-heading-title elementor-size-default\">Steigern Sie Ihren Gesch\u00e4ftserfolg mit unserem Unternehmen<\/h2>\t\t\t\t<\/div>\n\t\t\t\t<\/div>\n\t\t\t\t<div class=\"elementor-element elementor-element-e2ac2e0 elementor-widget elementor-widget-heading\" data-id=\"e2ac2e0\" data-element_type=\"widget\" data-widget_type=\"heading.default\">\n\t\t\t\t<div class=\"elementor-widget-container\">\n\t\t\t\t\t<h3 class=\"elementor-heading-title elementor-size-default\">F.C.L. verf\u00fcgt \u00fcber vierzig Jahre Erfahrung in der Herstellung kundenspezifischer Formhalter.<\/h3>\t\t\t\t<\/div>\n\t\t\t\t<\/div>\n\t\t\t\t<div class=\"elementor-element elementor-element-fc53f35 elementor-widget elementor-widget-image\" data-id=\"fc53f35\" data-element_type=\"widget\" data-widget_type=\"image.default\">\n\t\t\t\t<div class=\"elementor-widget-container\">\n\t\t\t\t\t\t\t\t\t\t\t\t\t\t\t<img fetchpriority=\"high\" decoding=\"async\" width=\"1024\" height=\"849\" src=\"https:\/\/www.fcl-portastampi.it\/wp-content\/uploads\/2024\/12\/DSCN0744-1-1024x849.webp\" class=\"attachment-large size-large wp-image-518\" alt=\"\" srcset=\"https:\/\/www.fcl-portastampi.it\/wp-content\/uploads\/2024\/12\/DSCN0744-1-1024x849.webp 1024w, https:\/\/www.fcl-portastampi.it\/wp-content\/uploads\/2024\/12\/DSCN0744-1-300x249.webp 300w, https:\/\/www.fcl-portastampi.it\/wp-content\/uploads\/2024\/12\/DSCN0744-1-768x637.webp 768w, https:\/\/www.fcl-portastampi.it\/wp-content\/uploads\/2024\/12\/DSCN0744-1-1536x1273.webp 1536w, https:\/\/www.fcl-portastampi.it\/wp-content\/uploads\/2024\/12\/DSCN0744-1.webp 1730w\" sizes=\"(max-width: 1024px) 100vw, 1024px\" \/>\t\t\t\t\t\t\t\t\t\t\t\t\t\t\t<\/div>\n\t\t\t\t<\/div>\n\t\t\t\t\t<\/div>\n\t\t\t\t<\/div>\n\t\t<div class=\"elementor-element elementor-element-58de2fa e-grid e-con-boxed e-con e-parent\" data-id=\"58de2fa\" data-element_type=\"container\">\n\t\t\t\t\t<div class=\"e-con-inner\">\n\t\t\t\t<div class=\"elementor-element elementor-element-29294af elementor-widget elementor-widget-counter\" data-id=\"29294af\" data-element_type=\"widget\" data-widget_type=\"counter.default\">\n\t\t\t\t<div class=\"elementor-widget-container\">\n\t\t\t\t\t\t\t<div class=\"elementor-counter\">\n\t\t\t<div class=\"elementor-counter-title\">Jahrelange Erfahrung<\/div>\t\t\t<div class=\"elementor-counter-number-wrapper\">\n\t\t\t\t<span class=\"elementor-counter-number-prefix\"><\/span>\n\t\t\t\t<span class=\"elementor-counter-number\" data-duration=\"2000\" data-to-value=\"40\" data-from-value=\"0\" data-delimiter=\",\">0<\/span>\n\t\t\t\t<span class=\"elementor-counter-number-suffix\">+<\/span>\n\t\t\t<\/div>\n\t\t<\/div>\n\t\t\t\t\t\t<\/div>\n\t\t\t\t<\/div>\n\t\t\t\t<div class=\"elementor-element elementor-element-951dfd2 elementor-widget elementor-widget-counter\" data-id=\"951dfd2\" data-element_type=\"widget\" data-widget_type=\"counter.default\">\n\t\t\t\t<div class=\"elementor-widget-container\">\n\t\t\t\t\t\t\t<div class=\"elementor-counter\">\n\t\t\t<div class=\"elementor-counter-title\">Erfahrene Mitarbeiter<\/div>\t\t\t<div class=\"elementor-counter-number-wrapper\">\n\t\t\t\t<span class=\"elementor-counter-number-prefix\"><\/span>\n\t\t\t\t<span class=\"elementor-counter-number\" data-duration=\"2000\" data-to-value=\"10\" data-from-value=\"0\" data-delimiter=\",\">0<\/span>\n\t\t\t\t<span class=\"elementor-counter-number-suffix\">+<\/span>\n\t\t\t<\/div>\n\t\t<\/div>\n\t\t\t\t\t\t<\/div>\n\t\t\t\t<\/div>\n\t\t\t\t<div class=\"elementor-element elementor-element-8cbc4f9 elementor-widget elementor-widget-counter\" data-id=\"8cbc4f9\" data-element_type=\"widget\" data-widget_type=\"counter.default\">\n\t\t\t\t<div class=\"elementor-widget-container\">\n\t\t\t\t\t\t\t<div class=\"elementor-counter\">\n\t\t\t<div class=\"elementor-counter-title\">Abgeschlossene Projekte<\/div>\t\t\t<div class=\"elementor-counter-number-wrapper\">\n\t\t\t\t<span class=\"elementor-counter-number-prefix\"><\/span>\n\t\t\t\t<span class=\"elementor-counter-number\" data-duration=\"2000\" data-to-value=\"1000\" data-from-value=\"0\" data-delimiter=\".\">0<\/span>\n\t\t\t\t<span class=\"elementor-counter-number-suffix\">+<\/span>\n\t\t\t<\/div>\n\t\t<\/div>\n\t\t\t\t\t\t<\/div>\n\t\t\t\t<\/div>\n\t\t\t\t\t<\/div>\n\t\t\t\t<\/div>\n\t\t<div class=\"elementor-element elementor-element-351a963 e-flex e-con-boxed e-con e-parent\" data-id=\"351a963\" data-element_type=\"container\" data-settings=\"{&quot;background_background&quot;:&quot;classic&quot;}\">\n\t\t\t\t\t<div class=\"e-con-inner\">\n\t\t\t\t<div class=\"elementor-element elementor-element-02b8ba1 elementor-widget elementor-widget-image\" data-id=\"02b8ba1\" data-element_type=\"widget\" data-widget_type=\"image.default\">\n\t\t\t\t<div class=\"elementor-widget-container\">\n\t\t\t\t\t\t\t\t\t\t\t\t\t\t\t<img decoding=\"async\" width=\"1024\" height=\"896\" src=\"https:\/\/www.fcl-portastampi.it\/wp-content\/uploads\/2024\/10\/DSCN0641-1024x896.webp\" class=\"attachment-large size-large wp-image-53\" alt=\"\" srcset=\"https:\/\/www.fcl-portastampi.it\/wp-content\/uploads\/2024\/10\/DSCN0641-1024x896.webp 1024w, https:\/\/www.fcl-portastampi.it\/wp-content\/uploads\/2024\/10\/DSCN0641-300x263.webp 300w, https:\/\/www.fcl-portastampi.it\/wp-content\/uploads\/2024\/10\/DSCN0641-768x672.webp 768w, https:\/\/www.fcl-portastampi.it\/wp-content\/uploads\/2024\/10\/DSCN0641-1536x1344.webp 1536w, https:\/\/www.fcl-portastampi.it\/wp-content\/uploads\/2024\/10\/DSCN0641.webp 1546w\" sizes=\"(max-width: 1024px) 100vw, 1024px\" \/>\t\t\t\t\t\t\t\t\t\t\t\t\t\t\t<\/div>\n\t\t\t\t<\/div>\n\t\t<div class=\"elementor-element elementor-element-6f859fa e-con-full e-flex e-con e-child\" data-id=\"6f859fa\" data-element_type=\"container\">\n\t\t\t\t<div class=\"elementor-element elementor-element-cb52af5 elementor-widget elementor-widget-heading\" data-id=\"cb52af5\" data-element_type=\"widget\" data-widget_type=\"heading.default\">\n\t\t\t\t<div class=\"elementor-widget-container\">\n\t\t\t\t\t<h2 class=\"elementor-heading-title elementor-size-default\">Stolz auf unsere Arbeit<\/h2>\t\t\t\t<\/div>\n\t\t\t\t<\/div>\n\t\t\t\t<div class=\"elementor-element elementor-element-0b40edf elementor-widget elementor-widget-text-editor\" data-id=\"0b40edf\" data-element_type=\"widget\" data-widget_type=\"text-editor.default\">\n\t\t\t\t<div class=\"elementor-widget-container\">\n\t\t\t\t\t\t\t\t\t<p>Im Laufe der Jahre hat FCL an einzigartigen Projekten gearbeitet und Produkte hergestellt, die auf die unterschiedlichen Bed\u00fcrfnisse unserer Kunden zugeschnitten sind.<\/p>\t\t\t\t\t\t\t\t<\/div>\n\t\t\t\t<\/div>\n\t\t\t\t<div class=\"elementor-element elementor-element-7a3ba38 elementor-align-center elementor-widget__width-auto elementor-widget elementor-widget-button\" data-id=\"7a3ba38\" data-element_type=\"widget\" data-widget_type=\"button.default\">\n\t\t\t\t<div class=\"elementor-widget-container\">\n\t\t\t\t\t\t\t\t\t<div class=\"elementor-button-wrapper\">\n\t\t\t\t\t<a class=\"elementor-button elementor-button-link elementor-size-sm\" href=\"https:\/\/www.fcl-portastampi.it\/index.php\/i-nostri-lavori\/\">\n\t\t\t\t\t\t<span class=\"elementor-button-content-wrapper\">\n\t\t\t\t\t\t\t\t\t<span class=\"elementor-button-text\">Besuchen Sie unsere Galerie<\/span>\n\t\t\t\t\t<\/span>\n\t\t\t\t\t<\/a>\n\t\t\t\t<\/div>\n\t\t\t\t\t\t\t\t<\/div>\n\t\t\t\t<\/div>\n\t\t\t\t<\/div>\n\t\t\t\t\t<\/div>\n\t\t\t\t<\/div>\n\t\t<div class=\"elementor-element elementor-element-21809fa e-flex e-con-boxed e-con e-parent\" data-id=\"21809fa\" data-element_type=\"container\">\n\t\t\t\t\t<div class=\"e-con-inner\">\n\t\t\t\t<div class=\"elementor-element elementor-element-260c0f6 elementor-widget elementor-widget-heading\" data-id=\"260c0f6\" data-element_type=\"widget\" data-widget_type=\"heading.default\">\n\t\t\t\t<div class=\"elementor-widget-container\">\n\t\t\t\t\t<h2 class=\"elementor-heading-title elementor-size-default\">Produkte<\/h2>\t\t\t\t<\/div>\n\t\t\t\t<\/div>\n\t\t\t\t<div class=\"elementor-element elementor-element-4b54a04 elementor-widget elementor-widget-text-editor\" data-id=\"4b54a04\" data-element_type=\"widget\" data-widget_type=\"text-editor.default\">\n\t\t\t\t<div class=\"elementor-widget-container\">\n\t\t\t\t\t\t\t\t\t<h3 class=\"wp-block-heading has-text-align-center fotawp-fade-up aos-init aos-animate\" data-aos=\"fade-up\">F.C.L. S.r.l. ist au\u00dferdem in der Lage, eine breite Palette an hochwertigen Werkzeugen f\u00fcr die Stahlbearbeitung, Hartmetallwerkzeuge, Stahl und Nichteisenmetalle in allen Gr\u00f6\u00dfen sowie Schrauben zu liefern.<\/h3>\t\t\t\t\t\t\t\t<\/div>\n\t\t\t\t<\/div>\n\t\t\t\t\t<\/div>\n\t\t\t\t<\/div>\n\t\t<div class=\"elementor-element elementor-element-6458342 e-grid e-con-boxed e-con e-parent\" data-id=\"6458342\" data-element_type=\"container\">\n\t\t\t\t\t<div class=\"e-con-inner\">\n\t\t\t\t<div class=\"elementor-element elementor-element-036c5fc elementor-widget elementor-widget-image\" data-id=\"036c5fc\" data-element_type=\"widget\" data-widget_type=\"image.default\">\n\t\t\t\t<div class=\"elementor-widget-container\">\n\t\t\t\t\t\t\t\t\t\t\t\t<figure class=\"wp-caption\">\n\t\t\t\t\t\t\t\t\t\t\t<a href=\"https:\/\/www.fcl-portastampi.it\/index.php\/portastampi\/\">\n\t\t\t\t\t\t\t<img decoding=\"async\" width=\"860\" height=\"1024\" src=\"https:\/\/www.fcl-portastampi.it\/wp-content\/uploads\/2024\/10\/SERIEXE-860x1024.webp\" class=\"elementor-animation-shrink attachment-large size-large wp-image-97\" alt=\"\" srcset=\"https:\/\/www.fcl-portastampi.it\/wp-content\/uploads\/2024\/10\/SERIEXE-860x1024.webp 860w, https:\/\/www.fcl-portastampi.it\/wp-content\/uploads\/2024\/10\/SERIEXE-252x300.webp 252w, https:\/\/www.fcl-portastampi.it\/wp-content\/uploads\/2024\/10\/SERIEXE-768x914.webp 768w, https:\/\/www.fcl-portastampi.it\/wp-content\/uploads\/2024\/10\/SERIEXE-1290x1536.webp 1290w, https:\/\/www.fcl-portastampi.it\/wp-content\/uploads\/2024\/10\/SERIEXE.webp 1302w\" sizes=\"(max-width: 860px) 100vw, 860px\" \/>\t\t\t\t\t\t\t\t<\/a>\n\t\t\t\t\t\t\t\t\t\t\t<figcaption class=\"widget-image-caption wp-caption-text\">FORMENHALTER<\/figcaption>\n\t\t\t\t\t\t\t\t\t\t<\/figure>\n\t\t\t\t\t\t\t\t\t<\/div>\n\t\t\t\t<\/div>\n\t\t\t\t<div class=\"elementor-element elementor-element-75e1795 elementor-widget elementor-widget-image\" data-id=\"75e1795\" data-element_type=\"widget\" data-widget_type=\"image.default\">\n\t\t\t\t<div class=\"elementor-widget-container\">\n\t\t\t\t\t\t\t\t\t\t\t\t<figure class=\"wp-caption\">\n\t\t\t\t\t\t\t\t\t\t\t<a href=\"https:\/\/www.fcl-portastampi.it\/index.php\/utensili\/\">\n\t\t\t\t\t\t\t<img loading=\"lazy\" decoding=\"async\" width=\"1024\" height=\"829\" src=\"https:\/\/www.fcl-portastampi.it\/wp-content\/uploads\/2024\/10\/FRESE2-1024x829.webp\" class=\"elementor-animation-shrink attachment-large size-large wp-image-98\" alt=\"\" srcset=\"https:\/\/www.fcl-portastampi.it\/wp-content\/uploads\/2024\/10\/FRESE2-1024x829.webp 1024w, https:\/\/www.fcl-portastampi.it\/wp-content\/uploads\/2024\/10\/FRESE2-300x243.webp 300w, https:\/\/www.fcl-portastampi.it\/wp-content\/uploads\/2024\/10\/FRESE2-768x622.webp 768w, https:\/\/www.fcl-portastampi.it\/wp-content\/uploads\/2024\/10\/FRESE2-1536x1244.webp 1536w, https:\/\/www.fcl-portastampi.it\/wp-content\/uploads\/2024\/10\/FRESE2-scaled.webp 1920w\" sizes=\"(max-width: 1024px) 100vw, 1024px\" \/>\t\t\t\t\t\t\t\t<\/a>\n\t\t\t\t\t\t\t\t\t\t\t<figcaption class=\"widget-image-caption wp-caption-text\">SCHNEIDWERKZEUGE<\/figcaption>\n\t\t\t\t\t\t\t\t\t\t<\/figure>\n\t\t\t\t\t\t\t\t\t<\/div>\n\t\t\t\t<\/div>\n\t\t\t\t<div class=\"elementor-element elementor-element-2a5c61f elementor-widget elementor-widget-image\" data-id=\"2a5c61f\" data-element_type=\"widget\" data-widget_type=\"image.default\">\n\t\t\t\t<div class=\"elementor-widget-container\">\n\t\t\t\t\t\t\t\t\t\t\t\t<figure class=\"wp-caption\">\n\t\t\t\t\t\t\t\t\t\t\t<a href=\"https:\/\/www.fcl-portastampi.it\/index.php\/normalizzati\/\">\n\t\t\t\t\t\t\t<img loading=\"lazy\" decoding=\"async\" width=\"1024\" height=\"921\" src=\"https:\/\/www.fcl-portastampi.it\/wp-content\/uploads\/2024\/10\/IMG_20180904_104231-1024x921.webp\" class=\"elementor-animation-shrink attachment-large size-large wp-image-102\" alt=\"\" srcset=\"https:\/\/www.fcl-portastampi.it\/wp-content\/uploads\/2024\/10\/IMG_20180904_104231-1024x921.webp 1024w, https:\/\/www.fcl-portastampi.it\/wp-content\/uploads\/2024\/10\/IMG_20180904_104231-300x270.webp 300w, https:\/\/www.fcl-portastampi.it\/wp-content\/uploads\/2024\/10\/IMG_20180904_104231-768x691.webp 768w, https:\/\/www.fcl-portastampi.it\/wp-content\/uploads\/2024\/10\/IMG_20180904_104231-1536x1382.webp 1536w, https:\/\/www.fcl-portastampi.it\/wp-content\/uploads\/2024\/10\/IMG_20180904_104231-scaled.webp 1920w\" sizes=\"(max-width: 1024px) 100vw, 1024px\" \/>\t\t\t\t\t\t\t\t<\/a>\n\t\t\t\t\t\t\t\t\t\t\t<figcaption class=\"widget-image-caption wp-caption-text\">STANDARD-F\u00dcHRUNGSELEMENTE<\/figcaption>\n\t\t\t\t\t\t\t\t\t\t<\/figure>\n\t\t\t\t\t\t\t\t\t<\/div>\n\t\t\t\t<\/div>\n\t\t\t\t\t<\/div>\n\t\t\t\t<\/div>\n\t\t<div class=\"elementor-element elementor-element-ab14d14 e-flex e-con-boxed e-con e-parent\" data-id=\"ab14d14\" data-element_type=\"container\" data-settings=\"{&quot;background_background&quot;:&quot;classic&quot;}\">\n\t\t\t\t\t<div class=\"e-con-inner\">\n\t\t\t\t<div class=\"elementor-element elementor-element-2422941 elementor-widget elementor-widget-heading\" data-id=\"2422941\" data-element_type=\"widget\" data-widget_type=\"heading.default\">\n\t\t\t\t<div class=\"elementor-widget-container\">\n\t\t\t\t\t<h2 class=\"elementor-heading-title elementor-size-default\">GESCH\u00c4FTSSTRATEGIE<\/h2>\t\t\t\t<\/div>\n\t\t\t\t<\/div>\n\t\t<div class=\"elementor-element elementor-element-1313fe7 e-con-full e-flex e-con e-child\" data-id=\"1313fe7\" data-element_type=\"container\">\n\t\t\t\t<div class=\"elementor-element elementor-element-215bf63 elementor-widget elementor-widget-text-editor\" data-id=\"215bf63\" data-element_type=\"widget\" data-widget_type=\"text-editor.default\">\n\t\t\t\t<div class=\"elementor-widget-container\">\n\t\t\t\t\t\t\t\t\t<h4 class=\"wp-block-heading has-text-align-left has-foreground-color has-text-color\">Unsere St\u00e4rke liegt nicht nur im Einsatz modernster Technologien, sondern vor allem im Einsatz spezialisierter Mitarbeiter mit hohem Know-how.<\/h4>\t\t\t\t\t\t\t\t<\/div>\n\t\t\t\t<\/div>\n\t\t\t\t<\/div>\n\t\t<div class=\"elementor-element elementor-element-95c5c25 e-con-full e-flex e-con e-child\" data-id=\"95c5c25\" data-element_type=\"container\">\n\t\t\t\t<div class=\"elementor-element elementor-element-6cd491f elementor-widget elementor-widget-image\" data-id=\"6cd491f\" data-element_type=\"widget\" data-widget_type=\"image.default\">\n\t\t\t\t<div class=\"elementor-widget-container\">\n\t\t\t\t\t\t\t\t\t\t\t\t\t\t\t<img loading=\"lazy\" decoding=\"async\" width=\"150\" height=\"150\" src=\"https:\/\/www.fcl-portastampi.it\/wp-content\/uploads\/2024\/10\/Icone-13-150x150.webp\" class=\"attachment-thumbnail size-thumbnail wp-image-122\" alt=\"\" \/>\t\t\t\t\t\t\t\t\t\t\t\t\t\t\t<\/div>\n\t\t\t\t<\/div>\n\t\t\t\t<div class=\"elementor-element elementor-element-cff7865 elementor-widget elementor-widget-heading\" data-id=\"cff7865\" data-element_type=\"widget\" data-widget_type=\"heading.default\">\n\t\t\t\t<div class=\"elementor-widget-container\">\n\t\t\t\t\t<h2 class=\"elementor-heading-title elementor-size-default\">Partnerschaft<\/h2>\t\t\t\t<\/div>\n\t\t\t\t<\/div>\n\t\t\t\t<div class=\"elementor-element elementor-element-486db5d elementor-widget elementor-widget-text-editor\" data-id=\"486db5d\" data-element_type=\"widget\" data-widget_type=\"text-editor.default\">\n\t\t\t\t<div class=\"elementor-widget-container\">\n\t\t\t\t\t\t\t\t\t<h4 class=\"wp-block-heading has-text-align-left has-foreground-color has-text-color\">F.C.L. w\u00e4hlt seine Lieferanten und Kooperationspartner mit gro\u00dfer Sorgfalt aus. Wir bewerten jede Partnerschaft sorgf\u00e4ltig, um sicherzustellen, dass unsere Kunden einen Service erhalten, der sich durch Exzellenz und Pr\u00e4zision auszeichnet.<\/h4>\t\t\t\t\t\t\t\t<\/div>\n\t\t\t\t<\/div>\n\t\t\t\t<\/div>\n\t\t<div class=\"elementor-element elementor-element-bc1fbc7 e-con-full e-flex e-con e-child\" data-id=\"bc1fbc7\" data-element_type=\"container\">\n\t\t\t\t<div class=\"elementor-element elementor-element-266f571 elementor-widget elementor-widget-image\" data-id=\"266f571\" data-element_type=\"widget\" data-widget_type=\"image.default\">\n\t\t\t\t<div class=\"elementor-widget-container\">\n\t\t\t\t\t\t\t\t\t\t\t\t\t\t\t<img loading=\"lazy\" decoding=\"async\" width=\"150\" height=\"150\" src=\"https:\/\/www.fcl-portastampi.it\/wp-content\/uploads\/2024\/10\/Icone-12-150x150.webp\" class=\"attachment-thumbnail size-thumbnail wp-image-123\" alt=\"\" \/>\t\t\t\t\t\t\t\t\t\t\t\t\t\t\t<\/div>\n\t\t\t\t<\/div>\n\t\t\t\t<div class=\"elementor-element elementor-element-ec62b3c elementor-widget elementor-widget-heading\" data-id=\"ec62b3c\" data-element_type=\"widget\" data-widget_type=\"heading.default\">\n\t\t\t\t<div class=\"elementor-widget-container\">\n\t\t\t\t\t<h2 class=\"elementor-heading-title elementor-size-default\">Messen<\/h2>\t\t\t\t<\/div>\n\t\t\t\t<\/div>\n\t\t\t\t<div class=\"elementor-element elementor-element-08c10f9 elementor-widget elementor-widget-text-editor\" data-id=\"08c10f9\" data-element_type=\"widget\" data-widget_type=\"text-editor.default\">\n\t\t\t\t<div class=\"elementor-widget-container\">\n\t\t\t\t\t\t\t\t\t<h4 class=\"wp-block-heading has-text-align-left has-foreground-color has-text-color\">F.C.L. ist an der Entwicklung und Herstellung von Matrizens\u00e4tzen beteiligt, die h\u00e4ufig nicht standardm\u00e4\u00dfige Werkzeuge und spezielle Maschinen erfordern. Das Unternehmen ist st\u00e4ndig auf der Suche nach Verbesserungen, um optimale Ergebnisse f\u00fcr die Kunden sicherzustellen.<\/h4>\t\t\t\t\t\t\t\t<\/div>\n\t\t\t\t<\/div>\n\t\t\t\t<\/div>\n\t\t<div class=\"elementor-element elementor-element-e044697 e-con-full e-flex e-con e-child\" data-id=\"e044697\" data-element_type=\"container\">\n\t\t\t\t<div class=\"elementor-element elementor-element-335b88d elementor-widget elementor-widget-image\" data-id=\"335b88d\" data-element_type=\"widget\" data-widget_type=\"image.default\">\n\t\t\t\t<div class=\"elementor-widget-container\">\n\t\t\t\t\t\t\t\t\t\t\t\t\t\t\t<img loading=\"lazy\" decoding=\"async\" width=\"150\" height=\"150\" src=\"https:\/\/www.fcl-portastampi.it\/wp-content\/uploads\/2024\/10\/Icone-14-150x150.webp\" class=\"attachment-thumbnail size-thumbnail wp-image-124\" alt=\"\" \/>\t\t\t\t\t\t\t\t\t\t\t\t\t\t\t<\/div>\n\t\t\t\t<\/div>\n\t\t\t\t<div class=\"elementor-element elementor-element-3dc8f9d elementor-widget elementor-widget-heading\" data-id=\"3dc8f9d\" data-element_type=\"widget\" data-widget_type=\"heading.default\">\n\t\t\t\t<div class=\"elementor-widget-container\">\n\t\t\t\t\t<h2 class=\"elementor-heading-title elementor-size-default\">Philosophie<\/h2>\t\t\t\t<\/div>\n\t\t\t\t<\/div>\n\t\t\t\t<div class=\"elementor-element elementor-element-ed5d21c elementor-widget elementor-widget-text-editor\" data-id=\"ed5d21c\" data-element_type=\"widget\" data-widget_type=\"text-editor.default\">\n\t\t\t\t<div class=\"elementor-widget-container\">\n\t\t\t\t\t\t\t\t\t<h4 class=\"wp-block-heading has-text-align-left has-foreground-color has-text-color\">F.C.L. st\u00fctzt sich auf das fundierte Fachwissen seiner Mitarbeiter, die in der Lage sind, f\u00fcr jeden Bedarf die optimale L\u00f6sung zu finden, sowie auf ein Lager, das stets gut mit Standardprodukten best\u00fcckt ist.<\/h4>\t\t\t\t\t\t\t\t<\/div>\n\t\t\t\t<\/div>\n\t\t\t\t<\/div>\n\t\t\t\t\t<\/div>\n\t\t\t\t<\/div>\n\t\t<div class=\"elementor-element elementor-element-e448c58 e-flex e-con-boxed e-con e-parent\" data-id=\"e448c58\" data-element_type=\"container\" data-settings=\"{&quot;background_background&quot;:&quot;classic&quot;}\">\n\t\t\t\t\t<div class=\"e-con-inner\">\n\t\t\t\t<div class=\"elementor-element elementor-element-59b0c07 elementor-widget elementor-widget-heading\" data-id=\"59b0c07\" data-element_type=\"widget\" data-widget_type=\"heading.default\">\n\t\t\t\t<div class=\"elementor-widget-container\">\n\t\t\t\t\t<h2 class=\"elementor-heading-title elementor-size-default\">Wo Sie uns finden k\u00f6nnen<\/h2>\t\t\t\t<\/div>\n\t\t\t\t<\/div>\n\t\t\t\t<div class=\"elementor-element elementor-element-bde49bc elementor-widget elementor-widget-text-editor\" data-id=\"bde49bc\" data-element_type=\"widget\" data-widget_type=\"text-editor.default\">\n\t\t\t\t<div class=\"elementor-widget-container\">\n\t\t\t\t\t\t\t\t\t<p>Via Camillo Benso Conte di Cavour, 351<\/p><p>21040 Cislago (VA) &#8211; Italia<\/p>\t\t\t\t\t\t\t\t<\/div>\n\t\t\t\t<\/div>\n\t\t\t\t<div class=\"elementor-element elementor-element-7d6077c elementor-widget elementor-widget-google_maps\" data-id=\"7d6077c\" data-element_type=\"widget\" data-widget_type=\"google_maps.default\">\n\t\t\t\t<div class=\"elementor-widget-container\">\n\t\t\t\t\t\t\t<div class=\"elementor-custom-embed\">\n\t\t\t<iframe loading=\"lazy\"\n\t\t\t\t\tsrc=\"https:\/\/maps.google.com\/maps?q=Cislago%20Via%20C.B.%20Cavour%2C%20351&#038;t=m&#038;z=11&#038;output=embed&#038;iwloc=near\"\n\t\t\t\t\ttitle=\"Cislago Via C.B. Cavour, 351\"\n\t\t\t\t\taria-label=\"Cislago Via C.B. Cavour, 351\"\n\t\t\t><\/iframe>\n\t\t<\/div>\n\t\t\t\t\t\t<\/div>\n\t\t\t\t<\/div>\n\t\t\t\t\t<\/div>\n\t\t\t\t<\/div>\n\t\t\t\t<\/div>\n\t\t","protected":false},"excerpt":{"rendered":"<p>Steigern Sie Ihren Gesch\u00e4ftserfolg mit unserem Unternehmen F.C.L. verf\u00fcgt \u00fcber vierzig Jahre Erfahrung in der Herstellung kundenspezifischer Formhalter. Jahrelange Erfahrung 0 + Erfahrene Mitarbeiter 0 + Abgeschlossene Projekte 0 + Stolz auf unsere Arbeit Im Laufe der Jahre hat FCL an einzigartigen Projekten gearbeitet und Produkte hergestellt, die auf die unterschiedlichen Bed\u00fcrfnisse unserer Kunden zugeschnitten [&hellip;]<\/p>\n","protected":false},"author":1,"featured_media":0,"parent":0,"menu_order":0,"comment_status":"closed","ping_status":"closed","template":"","meta":{"ocean_post_layout":"full-screen","ocean_both_sidebars_style":"","ocean_both_sidebars_content_width":0,"ocean_both_sidebars_sidebars_width":0,"ocean_sidebar":"","ocean_second_sidebar":"","ocean_disable_margins":"enable","ocean_add_body_class":"","ocean_shortcode_before_top_bar":"","ocean_shortcode_after_top_bar":"","ocean_shortcode_before_header":"","ocean_shortcode_after_header":"","ocean_has_shortcode":"","ocean_shortcode_after_title":"","ocean_shortcode_before_footer_widgets":"","ocean_shortcode_after_footer_widgets":"","ocean_shortcode_before_footer_bottom":"","ocean_shortcode_after_footer_bottom":"","ocean_display_top_bar":"default","ocean_display_header":"default","ocean_header_style":"","ocean_center_header_left_menu":"","ocean_custom_header_template":"","ocean_custom_logo":0,"ocean_custom_retina_logo":0,"ocean_custom_logo_max_width":0,"ocean_custom_logo_tablet_max_width":0,"ocean_custom_logo_mobile_max_width":0,"ocean_custom_logo_max_height":0,"ocean_custom_logo_tablet_max_height":0,"ocean_custom_logo_mobile_max_height":0,"ocean_header_custom_menu":"","ocean_menu_typo_font_family":"","ocean_menu_typo_font_subset":"","ocean_menu_typo_font_size":0,"ocean_menu_typo_font_size_tablet":0,"ocean_menu_typo_font_size_mobile":0,"ocean_menu_typo_font_size_unit":"px","ocean_menu_typo_font_weight":"","ocean_menu_typo_font_weight_tablet":"","ocean_menu_typo_font_weight_mobile":"","ocean_menu_typo_transform":"","ocean_menu_typo_transform_tablet":"","ocean_menu_typo_transform_mobile":"","ocean_menu_typo_line_height":0,"ocean_menu_typo_line_height_tablet":0,"ocean_menu_typo_line_height_mobile":0,"ocean_menu_typo_line_height_unit":"","ocean_menu_typo_spacing":0,"ocean_menu_typo_spacing_tablet":0,"ocean_menu_typo_spacing_mobile":0,"ocean_menu_typo_spacing_unit":"","ocean_menu_link_color":"","ocean_menu_link_color_hover":"","ocean_menu_link_color_active":"","ocean_menu_link_background":"","ocean_menu_link_hover_background":"","ocean_menu_link_active_background":"","ocean_menu_social_links_bg":"","ocean_menu_social_hover_links_bg":"","ocean_menu_social_links_color":"","ocean_menu_social_hover_links_color":"","ocean_disable_title":"on","ocean_disable_heading":"default","ocean_post_title":"","ocean_post_subheading":"","ocean_post_title_style":"","ocean_post_title_background_color":"","ocean_post_title_background":0,"ocean_post_title_bg_image_position":"","ocean_post_title_bg_image_attachment":"","ocean_post_title_bg_image_repeat":"","ocean_post_title_bg_image_size":"","ocean_post_title_height":0,"ocean_post_title_bg_overlay":0.5,"ocean_post_title_bg_overlay_color":"","ocean_disable_breadcrumbs":"default","ocean_breadcrumbs_color":"","ocean_breadcrumbs_separator_color":"","ocean_breadcrumbs_links_color":"","ocean_breadcrumbs_links_hover_color":"","ocean_display_footer_widgets":"default","ocean_display_footer_bottom":"default","ocean_custom_footer_template":"","footnotes":""},"class_list":["post-429","page","type-page","status-publish","hentry","entry"],"_links":{"self":[{"href":"https:\/\/www.fcl-portastampi.it\/index.php\/wp-json\/wp\/v2\/pages\/429","targetHints":{"allow":["GET"]}}],"collection":[{"href":"https:\/\/www.fcl-portastampi.it\/index.php\/wp-json\/wp\/v2\/pages"}],"about":[{"href":"https:\/\/www.fcl-portastampi.it\/index.php\/wp-json\/wp\/v2\/types\/page"}],"author":[{"embeddable":true,"href":"https:\/\/www.fcl-portastampi.it\/index.php\/wp-json\/wp\/v2\/users\/1"}],"replies":[{"embeddable":true,"href":"https:\/\/www.fcl-portastampi.it\/index.php\/wp-json\/wp\/v2\/comments?post=429"}],"version-history":[{"count":10,"href":"https:\/\/www.fcl-portastampi.it\/index.php\/wp-json\/wp\/v2\/pages\/429\/revisions"}],"predecessor-version":[{"id":1023,"href":"https:\/\/www.fcl-portastampi.it\/index.php\/wp-json\/wp\/v2\/pages\/429\/revisions\/1023"}],"wp:attachment":[{"href":"https:\/\/www.fcl-portastampi.it\/index.php\/wp-json\/wp\/v2\/media?parent=429"}],"curies":[{"name":"wp","href":"https:\/\/api.w.org\/{rel}","templated":true}]}}